
True
Suppose -4*o + 4*t + 324496 = 0, -63*t - 405596 = -5*o - 66*t. Is o a prime number?
False
Let m = 23588 + -13367. Is m a prime number?
False
Let p(s) = 166*s**2 - 150*s - 54. Is p(-14) composite?
True
Let a(w) = 3050*w**2 - 12*w + 12. Let f be a(3). Let v = f - 11047. Is v a prime number?
False
Let a(g) = 107*g - 42. Suppose -3*b - 5 = -20. Let r be a(b). Let p = r + -195. Is p prime?
False
Let b(q) = -2*q + 6. Let t be b(-6). Suppose 0 = k - 4*k - t. Is 418 - 4/k*6 composite?
True
Suppose 116*h - 52416 = 107*h. Suppose 8*q - 7600 = h. Is q composite?
True
Suppose 3*h = 5*h, 0 = 5*f - 3*h - 0*h - 491585. Is f a composite number?
False
Let n = -171780 + 521861. Is n prime?
False
Suppose -10*o = -46170 + 9240. Is o a composite number?
True
Let x(v) = v**3 - 2*v**2 + 4*v - 9. Let f = 27 - 24. Let w be x(f). Is (-7919)/(-5) + w/(-15) prime?
True
Suppose -5*x + 2*t + 14459 = 3*t, 4*t - 11580 = -4*x. Suppose 0 = c + 6*c - x. Is c a prime number?
False
Suppose 6*h - 144 = -18*h. Suppose -a - 1893 = -3*u, h*a - a - 631 = -u. Is u a prime number?
True
Let p = -2885 + 8295. Let r = p - -6775. Is r a composite number?
True
Let z(m) = -4029*m**3 + 5*m**2 + 20*m - 29. Is z(-3) prime?
True
Let s(v) = 25*v**3 + 3*v**2 + 12*v + 657. Is s(29) prime?
True
Suppose -8*s + 3755 = -12861. Is (-7 + 5 + 0)*s/(-2) prime?
False
Let x = -2 - 1. Let n(q) be the third derivative of -49*q**6/120 + q**5/30 - 7*q**4/24 - q**3/6 + 11*q**2 + 3*q. Is n(x) a composite number?
False
Suppose -3*t = 4*x - 8, -3*x = -6*t + 5*t - 6. Let p(k) = 2424*k**2 - 14*k + 21. Is p(x) a composite number?
False
Let n(p) be the second derivative of 120*p**3 + 19*p**2/2 - 199*p. Is n(2) prime?
True
Let b = 51 - 38. Suppose 0 = 4*i + 3*k + 26, 3*i - k = -0*k - b. Let x(h) = -37*h + 6. Is x(i) composite?
False
Suppose 3*v - 30 = 3*f, -f + 2 + 3 = 4*v. Is 4431*(2/f)/(18/(-21)) a prime number?
False
Let r(d) = 636617*d + 936. Is r(1) composite?
True
Suppose 4*o - 557780 - 217032 = 0. Is o a prime number?
True
Suppose 2*k = 2*v + 937916, -746486 - 1129341 = -4*k + 3*v. Is k composite?
False
Let a = -196 + 16. Is -16 - -13 - (a - (-2)/(-2)) a composite number?
True
Suppose -60*p - 12 = -72. Let y(s) be the third derivative of 249*s**6/40 - s**5/30 - s**2. Is y(p) prime?
False
Suppose -5*o - n + 19 = 0, 3*n - 13 + 1 = 0. Suppose 57*v = 74*v + 204. Let j = o - v. Is j a prime number?
False
Suppose 10*b - 215 = -95. Let g(w) = 72*w - 103. Is g(b) prime?
True
Let s(k) = 2*k**3 - 9 + 9*k**2 + 2*k**3 + 15 + 5*k**2 + 16*k. Let a be s(-9). Let t = a + 3179. Is t a composite number?
False
Let d = 37 + -34. Suppose 0 = d*o - 0*o - 675. Let q = o + 92. Is q prime?
True
Is 1193/(-1*((-6)/14 - 186/(-483))) prime?
False
Let w = -172756 - -781799. Is w composite?
False
Let o = -20887 + 30028. Suppose -w - 5*f = -2692, -2*f - 1000 + o = 3*w. Let l = w + 1402. Is l prime?
False
Suppose -2 = -4*r + 6. Suppose 0 = 4*a + r*a - 1842. Suppose 3*h = 4*h - a. Is h a composite number?
False
Let u(y) = y**3 - 5*y**2 - 6*y + 2. Let f be u(6). Let n be (f - 4 - -3) + 2. Is (-1 + n)/((-4)/(-3062)) prime?
True
Let n = 143 + -162. Is (-9 - (-2 - 0))/(n/14611) composite?
True
Suppose 2*y + z - 44066 - 51124 = 0, 2*z = -y + 47589. Is y composite?
True
Suppose -5*s - 2*d = -30965, -8*d + 3*d = 5*s - 30965. Let b = s + -2484. Is b prime?
True
Suppose 51 = -14*w + 18*w - 5*x, -x - 52 = -3*w. Let y be (0 + -960)*(-4)/3. Suppose w*l = y - 45. Is l prime?
False
Suppose 0 = 3*u + t - 8, 28 = -3*u + 7*u - 3*t. Let l be (u - -1)/(-4 - (-21745)/5435). Suppose 37*q = 42*q - l. Is q a prime number?
True
Suppose 3*w - 41146 = 21811 + 78586. Is w a composite number?
True
Suppose -26*c + 0*c + 504036 = 0. Is -3 - (-4 - c/9) composite?
True
Let x = -295 - -243. Let u = 109 + x. Is u a composite number?
True
Suppose 377784 + 55245 = 47*a - 4399229. Is a a composite number?
True
Let k(q) = q**2 + 17*q + 74. Let i be k(-6). Suppose -4*m = -2*n - 7*m + 5000, 4*m = -i. Is n a prime number?
True
Suppose -12 = -0*j - 3*j, -2*o = 4*j - 20. Let f(i) = 0 - 5 + 4 + o*i + 6*i**2 - 346*i**3. Is f(-2) a prime number?
False
Suppose -10*g - 791624 = -4*l - 14*g, -2*l + 395805 = -5*g. Is l a prime number?
False
Let w(q) be the second derivative of -q**5/20 - 5*q**4/12 + q**3/2 + 15*q**2/2 + 6*q. Let l be w(-5). Is (1 - l)/(-1)*-127 a prime number?
True
Is (-1)/((-4)/8*((-7932802)/(-881422) + -9)) composite?
False
Suppose 1955 = -2*d + d - m, -9743 = 5*d - 3*m. Let c = d - -2907. Suppose -3*g = -2*y - 959, 0*g + y - c = -3*g. Is g a prime number?
False
Suppose -2*u = -0*u + 76. Let w = u - -114. Suppose -5*h - g + 338 = 0, 0*h - 3*g + w = h. Is h a composite number?
False
Let b(y) = 9*y**2 - 4*y - 35. Let f(o) = o + 15. Let w be f(-7). Suppose -5*s + 2*s = -5*l - 26, 2*l + w = s. Is b(s) prime?
True
Let h(y) = 2*y**2 + 10*y - 18. Let m be h(-8). Suppose m*b - 40*b = -36590. Is b composite?
False
Let v = 615 - 621. Is v/1*(-6 + (-7405)/10) composite?
True
Let l(a) = 20*a**2 - 19*a - 23. Let m(u) = 7*u**2 - 6*u - 8. Let p(z) = -6*l(z) + 17*m(z). Let w be p(12). Suppose -w*i = 11*i - 1417. Is i composite?
False
Let s be 501/3 - (2 + 2 - 4). Suppose -2*m + 1123 - s = 0. Let t = -33 + m. Is t composite?
True
Suppose -185*a + 72*a + 5312921 = 0. Is a a composite number?
False
Let h(j) = -2*j - 23. Let u be -13 + (-2 - (-2 - 1)). Let m be h(u). Let i(r) = 76*r + 3. Is i(m) composite?
False
Suppose -2*k + 4*k - 5*h = -1940, k + 5*h = -955. Let j be (-4364*3/(-21))/((-16)/56). Let o = k - j. Is o composite?
False
Is (-132)/242 + (-287733)/(-11) a composite number?
True
Suppose -4*p - m = -33894 + 10017, -m = -4*p + 23875. Is p a composite number?
True
Is -2 - (25/10 - 365830/20) composite?
False
Suppose 2*y + 0 = 20. Suppose -2*i - 5*r = -20, -5*i - y = -3*r + 2. Suppose 4*j - 2520 = 4*h, j + 5*h = -i*j + 660. Is j composite?
True
Let k be 7 + (-357)/49 + (-58550)/(-7). Suppose -3923 = -11*i + k. Is i composite?
False
Let z(y) = y**3 + 21*y**2 - 9*y - 9. Let w be z(-21). Let c = w + -106. Suppose -x + 56 + c = 3*g, -379 = -3*x + 2*g. Is x prime?
True
Suppose u - 3*g - 8857 = 0, 2*u = -g + 497 + 17217. Suppose u = 4*x - 11415. Is x/24 + 2 + (-26)/12 a prime number?
True
Let i be (-3)/((-3)/5 - 21/(-70)). Suppose q = -i*q + 16291. Is q a prime number?
True
Suppose -20*t + 658784 = 236004. Is t a prime number?
True
Suppose -155211 - 105839 = -24*f + 155998. Is f a composite number?
False
Is (-576330)/(-90)*(5 - -88) composite?
True
Let w(a) = 9*a**3 - 5*a**2 + 9*a - 18. Let l be w(2). Suppose -673140 = -8*k - l*k. Is k composite?
True
Let y(f) = f**3 - 7*f**2 + 9*f + 5. Let i be y(7). Let d be 2/(-8) - (-24157)/i. Let s = 656 - d. Is s a prime number?
False
Is -4*((-12049766)/141)/(16/6) composite?
False
Suppose -4*x - u + 11 - 7 = 0, -4*x + 5*u = 20. Suppose 3*s + x*h + h - 45561 = 0, 75935 = 5*s - 5*h. Is s a composite number?
False
Let u(w) = 61*w**3 - 7*w**2 - w - 7. Let f be u(5). Suppose -55*z = -57*z + f. Is z composite?
False
Let w be (-21)/(-4) + (-20)/80. Suppose 3*q - q - 24 = 4*x, -w*x + 15 = 5*q. Suppose 0 = -q*n + 10394 + 130. Is n prime?
False
Let a(r) = -r**3 + 13*r**2 + 13*r + 17. Let q be a(14). Suppose -3*k - 7339 = -4*z - 6*k, 5*k = q*z - 5526. Is z a composite number?
True
Let h = -367866 + 684679. Is h a prime number?
False
Let o be (0 - (-2 + 2)) + 15. Is (3/o)/(4/20) + 2742 a composite number?
True
Suppose 3*l + 2*u - 34 = 0, u - 16 = -l + 5*u. Suppose 4*x = -l, 6 = 4*g + 2*x - 0. Suppose -g*r + v + 380 = 0, 3*v - 4 + 1 = 0. Is r composite?
False
Let q be 2 + (815 - -3) - 0. Let m = -313 - -318. Suppose q - 5655 = -m*z. Is z prime?
True
Let t(b) = 8*b**2 - 5*b - 4. Let c(k) = k**3 - 9*k**2 - k + 6. Let a be c(9). Is t(a) prime?
True
Suppose 5*q + 3*c - 5*c = 40, 0 = 3*q + 2*c - 24. Is 33418/q + 2/(-8) a composite number?
False
Let j be 12 - 16 - -1*8. Suppose -4*d + 0 + 8 = -4*a, 8 = -2*d - j*a. Suppose d*f - 2*f - 1765 = -3*q, 595 = q - 4*f. Is q composite?
False
Is (18 - -1)/((-9)/(-27603)) a prime number?
False
Suppose -4*u - g + 126893 = 0, -11*g - 36 = -15*g. Is u prime?
True
Let s = -1776 - -3510. Let y = s - -1699. Is y prime?
True
Suppose 16*k - 9405 = 11*k. Let x = -2762 + k. Is (2 - 10)/2 - x a composite number?
False
Suppose 3*s + 769 